late the greatest common divisor of b and 154.
14
Let w be -1 + 1 + 13/1. Let g be (0 + -4)/(-4)*0. Suppose -b + 2*b - 52 = g. Calculate the greatest common factor of b and w.
13
Suppose 2*y = 3*y - 5*b - 19, 0 = -2*b - 4. Let f = -74 - -146. What is the highest common divisor of y and f?
9
Let k(a) = 2*a**3 - 2*a**2 + 2*a - 5. Let b be k(2). What is the highest common factor of b and 7?
7
Let n(j) = 2*j**2 + 4*j + 3. Let x be n(-3). What is the greatest common divisor of 18 and x?
9
Let f be -3*(1 - (5 - -4)). What is the highest common divisor of f and 16?
8
Let a be (-3)/(-6) - (-50)/(-4). Let l be (28/(-5))/(a/60). What is the highest common divisor of l and 140?
28
Let g(d) = d + 1. Let q be g(1). Let p be 48/(4/q) + 4. What is the greatest common factor of p and 84?
28
Suppose -t - 5 = -7. Suppose -h = 3*u - 15 - 5, t*h - 40 = 5*u. Let y = 135 + -35. What is the highest common factor of y and h?
20
Let w(q) = 28*q + 2. Let t be w(1). Calculate the greatest common divisor of 210 and t.
30
Suppose -4*s = h - 67 - 6, 3*s = 4*h - 311. What is the highest common divisor of 11 and h?
11
Suppose 292 = 5*l - 2*w, 124 = 2*l + 3*w - 2*w. Suppose -r + 8 = j, -2*j = -7*j + 5*r + l. What is the highest common divisor of 60 and j?
10
Let i be 372/15 + 2/10. Suppose 4*r - 65 = -i. Calculate the highest common factor of r and 20.
10
Let j(h) = -2*h + 5. Let o be j(-4). Suppose 5*r - a + 4*a = 198, -2*r + 2*a + 76 = 0. Calculate the greatest common factor of o and r.
13
Suppose -28 = -28*i + 21*i. Let v = 44 + -12. Calculate the greatest common factor of v and i.
4
Suppose -5*r = 2*m + 19 + 16, -3*r + 63 = -3*m. Let i = -10 - m. What is the highest common divisor of i and 70?
10
Let a(u) = -2*u - 4. Let m be a(-3). Let t be 22*((-3)/2 + m). Calculate the highest common divisor of t and 1.
1
Suppose -7 + 43 = 3*m. Let a(z) = -2*z - 28. Let o be a(-32). Calculate the greatest common divisor of o and m.
12
Let o(z) = -168*z. Let a be o(1). Let v be a/(-44) - (-4)/22. Let d = 5 - v. What is the greatest common factor of 3 and d?
1
Suppose 16*s - 14*s - 144 = 0. What is the greatest common divisor of s and 18?
18
Suppose -5*q + 148 = 2*k, -3*k - 2*q = -71 - 129. Let v = -11 + 35. Let b = -16 + v. What is the greatest common factor of b and k?
8
Let j be (-34)/(-8) - 6/(-8). Suppose -j*w = -27 - 68. Let c = w + -6. Calculate the greatest common divisor of 26 and c.
13
Suppose 9*f - 5*f + 20 = 0. Let w be (-706)/(-10) + 3/f. What is the highest common factor of 28 and w?
14
Suppose 8 = -0*p + p + n, -2*p + 26 = 4*n. Suppose 5*c + p*f = 438 + 233, -c + 139 = -f. Calculate the highest common factor of 17 and c.
17
Let p(y) = -y**2 - 8*y + 8. Let f be p(-8). What is the highest common divisor of 24 and f?
8
Suppose 60 = 5*r - r. Suppose -4*y - c = -r, y - 4*c = 3*y - 4. Suppose 3*z - 8 = -z. What is the greatest common factor of z and y?
2
Suppose 0*s - 15 = 5*s. Let w = 2 - s. What is the greatest common divisor of 2 and w?
1
Let u be 18/22 + 10/55. Let k be (-2 - 37)*u/(-3). What is the greatest common factor of k and 91?
13
Suppose 66 = i + 2*i. Let v be (-4)/3*(-9)/(-6). Let w = v + i. Calculate the greatest common factor of w and 4.
4
Let b = -6 + 6. Let n be (-2)/(-4) + 165/6. Suppose -z + b*z = -n. What is the greatest common factor of z and 4?
4
Let z(i) = -i**3 - 8*i**2 - 1. Let o be z(-8). Let t be (4 - -227)*(0 - o). Calculate the highest common factor of 21 and t.
21
Let d(r) = -r**3 + 5*r**2 + 4*r - 4. Let q be d(5). Calculate the greatest common divisor of q and 176.
16
Suppose -4*b + 90 = -3*b. Suppose -15*s + 73 = -77. Calculate the greatest common factor of b and s.
10
Let v(h) = -h**3 + 4*h**2 + 2*h - 5. Let g be v(4). Calculate the greatest common divisor of g and 15.
3
Let w be (-8 - (-304)/40) + 264/10. Calculate the highest common divisor of 286 and w.
26
Let m(t) = -t**3 + t**2 + 2*t + 40. Let g be m(0). Calculate the highest common divisor of 8 and g.
8
Let i be (-34)/(-8) + 5/(-20). Let k be 30/(-24)*i*-1. Suppose 0 = -2*p - 5*r + 46, 79 = -3*p + 6*p + k*r. Calculate the greatest common factor of p and 22.
11
Let w(a) = -52*a - 12. Let g be w(-2). Calculate the highest common divisor of 23 and g.
23
Let r(u) = u**2 - 3*u - 10. Let j be r(-7). Suppose 3*h = j - 0. Calculate the greatest common factor of h and 8.
4
Suppose 4*n - 20 = -n. Suppose n*f - 5*f = -9. Calculate the greatest common divisor of f and 18.
9
Let c(d) = 8*d + 45. Let u be c(-4). Suppose 2*q - q + 108 = 2*p, 3*p - 172 = 4*q. What is the greatest common divisor of u and p?
13
Suppose 3*s + 1 = -2. Let m be (-13)/(-1) + (s - 0). Suppose 61 = 2*j - 59. Calculate the greatest common divisor of j and m.
12
Let u(k) = 5*k**2 - 3*k - 2. Let p be u(-4). Suppose 0*m = 2*m - p. What is the greatest common factor of m and 18?
9
Let l be -9 + 18 - (1 + -5). Calculate the greatest common factor of l and 65.
13
Suppose -3*y - 5 = x, -2*x = -4*x + 4*y + 10. Let q be 82 - x*(-6)/3. What is the highest common factor of q and 12?
12
Let d be 42/9*(24 + 0). Suppose -12 - 4 = -r. What is the highest common divisor of d and r?
16
Suppose 3*q + 0 = 21. Calculate the greatest common factor of q and 56.
7
Let g be 3 - (6*-3 - 3). Suppose 3*i - g = i. Suppose -2*h + 3*y + 1 = -2, h - 12 = -2*y. What is the greatest common factor of h and i?
6
Suppose 19*i + 90 = 21*i. What is the greatest common factor of i and 9?
9
Suppose 210 = 5*w - 5*l, -2*l - 14 = 2*w - 110. What is the highest common factor of 9 and w?
9
Let m(i) = -2*i**3 + 2*i**2 + 2*i - 2. Let t be m(2). Let r be t/4*(-22 + 0). What is the highest common factor of r and 3?
3
Let p(o) = o**2 + 3*o - 4. Let x be p(-5). Suppose -27*h = -29*h + 96. Calculate the greatest common factor of h and x.
6
Let z = 272 - 84. Calculate the highest common factor of 47 and z.
47
Let a be -3*(40/(-15))/1. Calculate the highest common factor of 8 and a.
8
Let u(v) = v**2 - 9*v - 2. Let z be u(9). Let c = z - -5. Suppose 0 = c*k - 408 + 144. Calculate the greatest common divisor of k and 8.
8
Let r(l) = 5*l**2 + 3*l. Let g be r(-2). Let t be (-126)/12*(-8)/(-6). Let x be (-2)/((-16)/t)*-4. Calculate the highest common divisor of g and x.
7
Suppose -5*j = -j - 56. Calculate the greatest common divisor of 2 and j.
2
Suppose j = -2*q - 2*j + 11, 0 = -2*q - 4*j + 12. Suppose h - q*h = -300. Calculate the greatest common divisor of h and 20.
20
Let m be -2 - -18*(-15)/(-2). Suppose -x = -4*x - 9. Let v be x - 2*(-8 - 3). What is the highest common divisor of m and v?
19
Let i be 1311/45 + (-6)/45. What is the highest common divisor of 29 and i?
29
Suppose 0 = 3*w - 89 - 10. Let n = 66 + -45. Suppose -5*g + u + 51 = 0, 3*g + 0*u - n = 3*u. What is the greatest common factor of w and g?
11
Let m = 280 - 127. What is the highest common factor of 17 and m?
17
Suppose -106 = 8*l - 394. Calculate the highest common factor of l and 27.
9
Suppose 17 = x - 2*x. Let r = 7 - x. Calculate the highest common factor of r and 24.
24
Let b = -169 - -284. Let d = -172 + b. Let m be (d + -4 + 1)/(-1). Calculate the greatest common factor of m and 24.
12
Suppose -7*x = -8*x. Suppose 2*f = -x*f + 60. What is the highest common factor of 45 and f?
15
Let j = -35 - -46. Calculate the highest common divisor of 33 and j.
11
Suppose t - 2 = j, j = -4*j - 3*t - 42. Let y(h) = h**3 + 7*h**2 + 4*h - 8. Let p be y(j). Calculate the greatest common divisor of p and 44.
4
Let h(t) = t**2 - 4*t + 6. Let k be h(2). What is the highest common divisor of k and 4?
2
Let b(d) = 4*d**2 - 8*d + 33. Let c be b(8). What is the greatest common divisor of c and 25?
25
Let t(y) = -y - 2. Let i be t(-7). Suppose i*o = 2*l - 55, 8 = -3*o - 7. What is the greatest common divisor of l and 10?
5
Let o = 76 - 50. Let z(w) = 9*w**3 - w**2 - w - 1. Let d(c) = c**2 + 6*c + 7. Let g be d(-5). Let h be z(g). Calculate the highest common divisor of o and h.
13
Suppose -4*y = -3*k - 463, 3*y + 2*k - 316 = -2*k. What is the highest common divisor of 28 and y?
28
Let w(q) = q**2 + 6*q - 11. Let r be w(-8). Suppose 4*m = 3*t + 92, m + 2*t + 68 = 4*m. Calculate the greatest common divisor of r and m.
5
Suppose -4*m - 2*g + 0*g = -168, 0 = 4*m - 5*g - 168. Suppose 0*u + 14 = u. What is the greatest common factor of u